[INFO] fetching crate adam 0.1.2...
[INFO] building adam-0.1.2 against master#881c1ac408d93bb7adaa3a51dabab9266e82eee8 for issue-85264
[INFO] extracting crate adam 0.1.2 into /workspace/builds/worker-3/source
[INFO] validating manifest of crates.io crate adam 0.1.2 on toolchain 881c1ac408d93bb7adaa3a51dabab9266e82eee8
[INFO] running `Command { std: "/workspace/cargo-home/bin/cargo" "+881c1ac408d93bb7adaa3a51dabab9266e82eee8" "metadata" "--manifest-path" "Cargo.toml" "--no-deps", kill_on_drop: false }`
[INFO] started tweaking crates.io crate adam 0.1.2
[INFO] finished tweaking crates.io crate adam 0.1.2
[INFO] tweaked toml for crates.io crate adam 0.1.2 written to /workspace/builds/worker-3/source/Cargo.toml
[INFO] crate crates.io crate adam 0.1.2 already has a lockfile, it will not be regenerated
[INFO] running `Command { std: "/workspace/cargo-home/bin/cargo" "+881c1ac408d93bb7adaa3a51dabab9266e82eee8" "fetch" "--manifest-path" "Cargo.toml", kill_on_drop: false }`
[INFO] [stderr]  Downloading crates ...
[INFO] [stderr]   Downloaded yy-typings v0.3.12
[INFO] running `Command { std: "docker" "create" "-v" "/var/lib/crater-agent-workspace/builds/worker-3/target:/opt/rustwide/target:rw,Z" "-v" "/var/lib/crater-agent-workspace/builds/worker-3/source:/opt/rustwide/workdir:ro,Z" "-v" "/var/lib/crater-agent-workspace/cargo-home:/opt/rustwide/cargo-home:ro,Z" "-v" "/var/lib/crater-agent-workspace/rustup-home:/opt/rustwide/rustup-home:ro,Z" "-e" "SOURCE_DIR=/opt/rustwide/workdir" "-e" "CARGO_TARGET_DIR=/opt/rustwide/target" "-e" "CARGO_HOME=/opt/rustwide/cargo-home" "-e" "RUSTUP_HOME=/opt/rustwide/rustup-home" "-w" "/opt/rustwide/workdir" "-m" "1610612736" "--user" "0:0" "--network" "none" "ghcr.io/rust-lang/crates-build-env/linux@sha256:20528e8c29e4536546f0102ce88568b16ea7538393a33fcca951030f7af10457" "/opt/rustwide/cargo-home/bin/cargo" "+881c1ac408d93bb7adaa3a51dabab9266e82eee8" "metadata" "--no-deps" "--format-version=1", kill_on_drop: false }`
[INFO] [stdout] 3c3a2d8c494041916d5cad98f29d4110cace803bed5f7d2a431430851b1a1cb2
[INFO] [stderr] WARNING: Your kernel does not support swap limit capabilities or the cgroup is not mounted. Memory limited without swap.
[INFO] running `Command { std: "docker" "start" "-a" "3c3a2d8c494041916d5cad98f29d4110cace803bed5f7d2a431430851b1a1cb2", kill_on_drop: false }`
[INFO] running `Command { std: "docker" "inspect" "3c3a2d8c494041916d5cad98f29d4110cace803bed5f7d2a431430851b1a1cb2", kill_on_drop: false }`
[INFO] running `Command { std: "docker" "rm" "-f" "3c3a2d8c494041916d5cad98f29d4110cace803bed5f7d2a431430851b1a1cb2", kill_on_drop: false }`
[INFO] [stdout] 3c3a2d8c494041916d5cad98f29d4110cace803bed5f7d2a431430851b1a1cb2
[INFO] running `Command { std: "docker" "create" "-v" "/var/lib/crater-agent-workspace/builds/worker-3/target:/opt/rustwide/target:rw,Z" "-v" "/var/lib/crater-agent-workspace/builds/worker-3/source:/opt/rustwide/workdir:ro,Z" "-v" "/var/lib/crater-agent-workspace/cargo-home:/opt/rustwide/cargo-home:ro,Z" "-v" "/var/lib/crater-agent-workspace/rustup-home:/opt/rustwide/rustup-home:ro,Z" "-e" "SOURCE_DIR=/opt/rustwide/workdir" "-e" "CARGO_TARGET_DIR=/opt/rustwide/target" "-e" "CARGO_INCREMENTAL=0" "-e" "RUST_BACKTRACE=full" "-e" "RUSTFLAGS=--cap-lints=forbid" "-e" "CARGO_HOME=/opt/rustwide/cargo-home" "-e" "RUSTUP_HOME=/opt/rustwide/rustup-home" "-w" "/opt/rustwide/workdir" "-m" "1610612736" "--user" "0:0" "--network" "none" "ghcr.io/rust-lang/crates-build-env/linux@sha256:20528e8c29e4536546f0102ce88568b16ea7538393a33fcca951030f7af10457" "/opt/rustwide/cargo-home/bin/cargo" "+881c1ac408d93bb7adaa3a51dabab9266e82eee8" "build" "--frozen" "--message-format=json", kill_on_drop: false }`
[INFO] [stdout] 55584384fdd073aa2bfc027acf5e80c1be7a7f4ffdd77cc3f8ddd25601c02119
[INFO] [stderr] WARNING: Your kernel does not support swap limit capabilities or the cgroup is not mounted. Memory limited without swap.
[INFO] running `Command { std: "docker" "start" "-a" "55584384fdd073aa2bfc027acf5e80c1be7a7f4ffdd77cc3f8ddd25601c02119", kill_on_drop: false }`
[INFO] [stderr]    Compiling proc-macro2 v1.0.21
[INFO] [stderr]    Compiling libc v0.2.77
[INFO] [stderr]    Compiling syn v1.0.41
[INFO] [stderr]    Compiling serde_derive v1.0.116
[INFO] [stderr]    Compiling memchr v2.3.3
[INFO] [stderr]    Compiling serde v1.0.116
[INFO] [stderr]    Compiling unicode-width v0.1.8
[INFO] [stderr]    Compiling ppv-lite86 v0.2.9
[INFO] [stderr]    Compiling regex-syntax v0.6.18
[INFO] [stderr]    Compiling serde_json v1.0.57
[INFO] [stderr]    Compiling unicode-segmentation v1.6.0
[INFO] [stderr]    Compiling itoa v0.4.6
[INFO] [stderr]    Compiling hashbrown v0.9.0
[INFO] [stderr]    Compiling anyhow v1.0.32
[INFO] [stderr]    Compiling os_str_bytes v2.3.2
[INFO] [stderr]    Compiling termcolor v1.1.0
[INFO] [stderr]    Compiling same-file v1.0.6
[INFO] [stderr]    Compiling once_cell v1.4.1
[INFO] [stderr]    Compiling thread_local v1.0.1
[INFO] [stderr]    Compiling num-traits v0.2.12
[INFO] [stderr]    Compiling textwrap v0.12.1
[INFO] [stderr]    Compiling walkdir v2.3.1
[INFO] [stderr]    Compiling indexmap v1.6.0
[INFO] [stderr]    Compiling heck v0.3.1
[INFO] [stderr]    Compiling aho-corasick v0.7.13
[INFO] [stderr]    Compiling quote v1.0.7
[INFO] [stderr]    Compiling getrandom v0.1.15
[INFO] [stderr]    Compiling terminal_size v0.1.13
[INFO] [stderr]    Compiling termios v0.3.2
[INFO] [stderr]    Compiling dirs-sys v0.3.5
[INFO] [stderr]    Compiling atty v0.2.14
[INFO] [stderr]    Compiling filetime v0.2.12
[INFO] [stderr]    Compiling directories v3.0.1
[INFO] [stderr]    Compiling rand_core v0.5.1
[INFO] [stderr]    Compiling proc-macro-error-attr v1.0.4
[INFO] [stderr]    Compiling rand_chacha v0.2.2
[INFO] [stderr]    Compiling rand v0.7.3
[INFO] [stderr]    Compiling regex v1.3.9
[INFO] [stderr]    Compiling console v0.12.0
[INFO] [stderr]    Compiling indicatif v0.15.0
[INFO] [stderr]    Compiling proc-macro-error v1.0.4
[INFO] [stderr]    Compiling serde_with_macros v1.1.0
[INFO] [stderr]    Compiling clap_derive v3.0.0-beta.2
[INFO] [stderr]    Compiling smart-default v0.6.0
[INFO] [stderr]    Compiling num-derive v0.3.2
[INFO] [stderr]    Compiling serde_repr v0.1.6
[INFO] [stderr]    Compiling clap v3.0.0-beta.2
[INFO] [stderr]    Compiling serde_with v1.4.0
[INFO] [stderr]    Compiling uuid v0.8.1
[INFO] [stderr]    Compiling toml v0.5.6
[INFO] [stderr]    Compiling yy-typings v0.3.12
[INFO] [stderr]    Compiling adam v0.1.2 (/opt/rustwide/workdir)
[INFO] [stdout] error[E0425]: cannot find value `APPLICATION_PATH` in module `crate::gm_artifacts`
[INFO] [stdout]   --> src/input/inputs.rs:52:59
[INFO] [stdout]    |
[INFO] [stdout] 52 |                 std::path::Path::new(crate::gm_artifacts::APPLICATION_PATH).to_owned()
[INFO] [stdout]    |                                                           ^^^^^^^^^^^^^^^^ not found in `crate::gm_artifacts`
[INFO] [stdout] 
[INFO] [stdout] 
[INFO] [stdout] error[E0425]: cannot find value `APPLICATION_PATH` in module `crate::gm_artifacts`
[INFO] [stdout]   --> src/input/inputs.rs:56:59
[INFO] [stdout]    |
[INFO] [stdout] 56 |                 std::path::Path::new(crate::gm_artifacts::APPLICATION_PATH).to_owned()
[INFO] [stdout]    |                                                           ^^^^^^^^^^^^^^^^ not found in `crate::gm_artifacts`
[INFO] [stdout] 
[INFO] [stdout] 
[INFO] [stdout] error[E0425]: cannot find function `gms2_data` in module `crate::gm_artifacts`
[INFO] [stdout]   --> src/igor/user_data.rs:12:46
[INFO] [stdout]    |
[INFO] [stdout] 12 |         let gms2_data = crate::gm_artifacts::gms2_data();
[INFO] [stdout]    |                                              ^^^^^^^^^ not found in `crate::gm_artifacts`
[INFO] [stdout] 
[INFO] [stdout] 
[INFO] [stdout] error[E0425]: cannot find function `user_data` in module `crate::gm_artifacts`
[INFO] [stdout]   --> src/igor/user_data.rs:45:44
[INFO] [stdout]    |
[INFO] [stdout] 45 |             user_dir: crate::gm_artifacts::user_data(),
[INFO] [stdout]    |                                            ^^^^^^^^^ not found in `crate::gm_artifacts`
[INFO] [stdout] 
[INFO] [stdout] 
[INFO] [stdout] error[E0425]: cannot find function `gms2_data` in module `super`
[INFO] [stdout]   --> src/gm_artifacts/build.rs:66:30
[INFO] [stdout]    |
[INFO] [stdout] 66 |             user_dir: super::gms2_data().join(&build_data.user_string),
[INFO] [stdout]    |                              ^^^^^^^^^ not found in `super`
[INFO] [stdout] 
[INFO] [stdout] 
[INFO] [stdout] error[E0425]: cannot find value `MONO_LOCATION` in module `gm_artifacts`
[INFO] [stdout]   --> src/runner/invoke_nix.rs:11:61
[INFO] [stdout]    |
[INFO] [stdout] 11 |     let mut igor = std::process::Command::new(gm_artifacts::MONO_LOCATION);
[INFO] [stdout]    |                                                             ^^^^^^^^^^^^^ not found in `gm_artifacts`
[INFO] [stdout] 
[INFO] [stdout] 
[INFO] [stdout] error[E0425]: cannot find value `PLATFORM` in module `gm_artifacts`
[INFO] [stdout]   --> src/runner/invoke_nix.rs:23:28
[INFO] [stdout]    |
[INFO] [stdout] 23 |         .arg(gm_artifacts::PLATFORM.to_string())
[INFO] [stdout]    |                            ^^^^^^^^ not found in `gm_artifacts`
[INFO] [stdout] 
[INFO] [stdout] 
[INFO] [stdout] error[E0425]: cannot find value `PLATFORM` in module `gm_artifacts`
[INFO] [stdout]    --> src/runner/compiler_handler.rs:115:47
[INFO] [stdout]     |
[INFO] [stdout] 115 | ...                   gm_artifacts::PLATFORM.to_string(),
[INFO] [stdout]     |                                     ^^^^^^^^ not found in `gm_artifacts`
[INFO] [stdout] 
[INFO] [stdout] 
[INFO] [stdout] error[E0425]: cannot find value `PLATFORM` in module `gm_artifacts`
[INFO] [stdout]    --> src/runner/compiler_handler.rs:150:43
[INFO] [stdout]     |
[INFO] [stdout] 150 | ...                   gm_artifacts::PLATFORM.to_string(),
[INFO] [stdout]     |                                     ^^^^^^^^ not found in `gm_artifacts`
[INFO] [stdout] 
[INFO] [stdout] 
[INFO] [stdout] error[E0425]: cannot find value `RUNTIME_LOCATION` in module `gm_artifacts`
[INFO] [stdout]    --> src/main.rs:147:62
[INFO] [stdout]     |
[INFO] [stdout] 147 |         runtime_location: std::path::Path::new(gm_artifacts::RUNTIME_LOCATION).to_owned(),
[INFO] [stdout]     |                                                              ^^^^^^^^^^^^^^^^ not found in `gm_artifacts`
[INFO] [stdout] 
[INFO] [stdout] 
[INFO] [stdout] error[E0425]: cannot find value `TARGET_MASK` in module `gm_artifacts`
[INFO] [stdout]    --> src/main.rs:148:36
[INFO] [stdout]     |
[INFO] [stdout] 148 |         target_mask: gm_artifacts::TARGET_MASK,
[INFO] [stdout]     |                                    ^^^^^^^^^^^ not found in `gm_artifacts`
[INFO] [stdout] 
[INFO] [stdout] 
[INFO] [stdout] warning: unused import: `crate::igor::Platform`
[INFO] [stdout]  --> src/gm_artifacts/platform.rs:1:5
[INFO] [stdout]   |
[INFO] [stdout] 1 | use crate::igor::Platform;
[INFO] [stdout]   |     ^^^^^^^^^^^^^^^^^^^^^
[INFO] [stdout]   |
[INFO] [stdout]   = note: `#[warn(unused_imports)]` on by default
[INFO] [stdout] 
[INFO] [stdout] 
[INFO] [stdout] error: aborting due to 11 previous errors; 1 warning emitted
[INFO] [stdout] 
[INFO] [stdout] 
[INFO] [stdout] For more information about this error, try `rustc --explain E0425`.
[INFO] [stdout] 
[INFO] [stderr] error: could not compile `adam`
[INFO] [stderr] 
[INFO] [stderr] To learn more, run the command again with --verbose.
[INFO] running `Command { std: "docker" "inspect" "55584384fdd073aa2bfc027acf5e80c1be7a7f4ffdd77cc3f8ddd25601c02119", kill_on_drop: false }`
[INFO] running `Command { std: "docker" "rm" "-f" "55584384fdd073aa2bfc027acf5e80c1be7a7f4ffdd77cc3f8ddd25601c02119", kill_on_drop: false }`
[INFO] [stdout] 55584384fdd073aa2bfc027acf5e80c1be7a7f4ffdd77cc3f8ddd25601c02119
